{"id":48,"date":"2019-04-03T19:37:16","date_gmt":"2019-04-03T19:37:16","guid":{"rendered":"http:\/\/bm-bittl.de\/?page_id=48"},"modified":"2022-10-28T16:27:16","modified_gmt":"2022-10-28T16:27:16","slug":"ruettelplatte","status":"publish","type":"page","link":"https:\/\/bm-bittl.de\/index.php\/ruettelplatte\/","title":{"rendered":"R\u00fcttelplatte"},"content":{"rendered":"<div class=\"wc-gallery\"><div id='gallery-1' data-gutter-width='5' data-columns='3' class='gallery wc-gallery-captions-onhover gallery-link-file gallery-masonry galleryid-48 gallery-columns-3 gallery-size-thumbnail wc-gallery-bottomspace-default wc-gallery-clear'><div class='gallery-item gallery-item-position-1 gallery-item-attachment-166'>\n\t\t\t\t<div class='gallery-icon landscape'>\n\t\t\t\t\t<a href='https:\/\/bm-bittl.de\/wp-content\/uploads\/2019\/04\/BM-Bittl021-1024x683.jpg' title='BM-Bittl021' target='_self'><img loading=\"lazy\" decoding=\"async\" width=\"150\" height=\"150\" src=\"https:\/\/bm-bittl.de\/wp-content\/uploads\/2019\/04\/BM-Bittl021-150x150.jpg\" class=\"attachment-thumbnail size-thumbnail\" alt=\"\" srcset=\"https:\/\/bm-bittl.de\/wp-content\/uploads\/2019\/04\/BM-Bittl021-150x150.jpg 150w, https:\/\/bm-bittl.de\/wp-content\/uploads\/2019\/04\/BM-Bittl021-48x48.jpg 48w, https:\/\/bm-bittl.de\/wp-content\/uploads\/2019\/04\/BM-Bittl021-300x300.jpg 300w\" sizes=\"auto, (max-width: 150px) 100vw, 150px\" \/><\/a>\n\t\t\t\t<\/div><\/div><div class='gallery-item gallery-item-position-2 gallery-item-attachment-75'>\n\t\t\t\t<div class='gallery-icon landscape'>\n\t\t\t\t\t<a href='https:\/\/bm-bittl.de\/wp-content\/uploads\/2019\/04\/BM-Bittl011-e1554322981336-1024x683.jpg' title='BM-Bittl011' target='_self'><img loading=\"lazy\" decoding=\"async\" width=\"150\" height=\"150\" src=\"https:\/\/bm-bittl.de\/wp-content\/uploads\/2019\/04\/BM-Bittl011-e1554322981336-150x150.jpg\" class=\"attachment-thumbnail size-thumbnail\" alt=\"\" srcset=\"https:\/\/bm-bittl.de\/wp-content\/uploads\/2019\/04\/BM-Bittl011-e1554322981336-150x150.jpg 150w, https:\/\/bm-bittl.de\/wp-content\/uploads\/2019\/04\/BM-Bittl011-e1554322981336-48x48.jpg 48w, https:\/\/bm-bittl.de\/wp-content\/uploads\/2019\/04\/BM-Bittl011-e1554322981336-300x300.jpg 300w\" sizes=\"auto, (max-width: 150px) 100vw, 150px\" \/><\/a>\n\t\t\t\t<\/div><\/div><div class='gallery-item gallery-item-position-3 gallery-item-attachment-76'>\n\t\t\t\t<div class='gallery-icon landscape'>\n\t\t\t\t\t<a href='https:\/\/bm-bittl.de\/wp-content\/uploads\/2019\/04\/BM-Bittl012-e1554322936990-1024x683.jpg' title='BM-Bittl012' target='_self'><img loading=\"lazy\" decoding=\"async\" width=\"150\" height=\"150\" src=\"https:\/\/bm-bittl.de\/wp-content\/uploads\/2019\/04\/BM-Bittl012-e1554322936990-150x150.jpg\" class=\"attachment-thumbnail size-thumbnail\" alt=\"\" srcset=\"https:\/\/bm-bittl.de\/wp-content\/uploads\/2019\/04\/BM-Bittl012-e1554322936990-150x150.jpg 150w, https:\/\/bm-bittl.de\/wp-content\/uploads\/2019\/04\/BM-Bittl012-e1554322936990-48x48.jpg 48w, https:\/\/bm-bittl.de\/wp-content\/uploads\/2019\/04\/BM-Bittl012-e1554322936990-300x300.jpg 300w\" sizes=\"auto, (max-width: 150px) 100vw, 150px\" \/><\/a>\n\t\t\t\t<\/div><\/div><\/div>\n<\/div>\n<p><strong><span style=\"color: #ff6600;\">Technische Daten<\/span> <\/strong><\/p>\n<p>&nbsp;<\/p>\n<p><strong><u>R\u00fcttelplatte \u00a0\u00a0\u00a0AVP 4920 von Ammann <\/u><\/strong><\/p>\n<p>&nbsp;<\/p>\n<p>Antrieb:\u00a0\u00a0\u00a0\u00a0\u00a0\u00a0\u00a0\u00a0\u00a0\u00a0\u00a0\u00a0\u00a0\u00a0\u00a0\u00a0\u00a0\u00a0\u00a0\u00a0\u00a0\u00a0\u00a0\u00a0\u00a0\u00a0\u00a0\u00a0\u00a0\u00a0\u00a0\u00a0 Diesel<\/p>\n<p>Einsatzgewicht:\u00a0\u00a0\u00a0\u00a0\u00a0\u00a0\u00a0\u00a0\u00a0\u00a0\u00a0\u00a0\u00a0\u00a0\u00a0\u00a0\u00a0\u00a0\u00a0\u00a0\u00a0 365 kg<\/p>\n<p>Arbeitsbreite:\u00a0\u00a0\u00a0\u00a0\u00a0\u00a0\u00a0\u00a0\u00a0\u00a0\u00a0\u00a0\u00a0\u00a0\u00a0\u00a0\u00a0\u00a0\u00a0\u00a0\u00a0\u00a0\u00a0\u00a0 50 \/ 60 cm<\/p>\n<p>Motorleistung:\u00a0\u00a0\u00a0\u00a0\u00a0\u00a0\u00a0\u00a0\u00a0\u00a0\u00a0\u00a0\u00a0\u00a0\u00a0\u00a0\u00a0\u00a0\u00a0\u00a0\u00a0\u00a0\u00a0 6.6 kW \/ 9 PS<\/p>\n<p>Vorw\u00e4rts u. R\u00fcckw\u00e4rtsgang<\/p>\n<p>49 kN, Frequenz: 65 Hz<\/p>\n<p>Tiefenwirkung: ca. 600 mm (je nach Bodenbeschaffenheit)<\/p>\n<p>Arbeitsgeschwindigkeit: \u00a0\u00a0\u00a0 \u00a0\u00a0\u00a0 \u00a0 max. 30 m\/min,<\/p>\n<p>Fl\u00e4chenleistung: \u00a0\u00a0\u00a0\u00a0\u00a0\u00a0\u00a0\u00a0\u00a0\u00a0\u00a0\u00a0\u00a0\u00a0\u00a0\u00a0\u00a0\u00a0\u00a0 max. ca. 810 m\u00b2\/h<\/p>\n<p>&nbsp;<\/p>\n<div class=\"wc-gallery\"><div id='gallery-2' data-gutter-width='5' data-columns='3' class='gallery wc-gallery-captions-onhover gallery-link-file gallery-masonry galleryid-48 gallery-columns-3 gallery-size-thumbnail wc-gallery-bottomspace-default wc-gallery-clear'><div class='gallery-item gallery-item-position-1 gallery-item-attachment-367'>\n\t\t\t\t<div class='gallery-icon landscape'>\n\t\t\t\t\t<a href='https:\/\/bm-bittl.de\/wp-content\/uploads\/2021\/05\/Bittl-Web-002-1024x768.jpg' title='Bittl-Web--002' target='_self'><img loading=\"lazy\" decoding=\"async\" width=\"150\" height=\"150\" src=\"https:\/\/bm-bittl.de\/wp-content\/uploads\/2021\/05\/Bittl-Web-002-150x150.jpg\" class=\"attachment-thumbnail size-thumbnail\" alt=\"\" srcset=\"https:\/\/bm-bittl.de\/wp-content\/uploads\/2021\/05\/Bittl-Web-002-150x150.jpg 150w, https:\/\/bm-bittl.de\/wp-content\/uploads\/2021\/05\/Bittl-Web-002-48x48.jpg 48w, https:\/\/bm-bittl.de\/wp-content\/uploads\/2021\/05\/Bittl-Web-002-300x300.jpg 300w\" sizes=\"auto, (max-width: 150px) 100vw, 150px\" \/><\/a>\n\t\t\t\t<\/div><\/div><div class='gallery-item gallery-item-position-2 gallery-item-attachment-366'>\n\t\t\t\t<div class='gallery-icon landscape'>\n\t\t\t\t\t<a href='https:\/\/bm-bittl.de\/wp-content\/uploads\/2021\/05\/Bittl-Web-001-1024x768.jpg' title='Bittl-Web--001' target='_self'><img loading=\"lazy\" decoding=\"async\" width=\"150\" height=\"150\" src=\"https:\/\/bm-bittl.de\/wp-content\/uploads\/2021\/05\/Bittl-Web-001-150x150.jpg\" class=\"attachment-thumbnail size-thumbnail\" alt=\"\" srcset=\"https:\/\/bm-bittl.de\/wp-content\/uploads\/2021\/05\/Bittl-Web-001-150x150.jpg 150w, https:\/\/bm-bittl.de\/wp-content\/uploads\/2021\/05\/Bittl-Web-001-48x48.jpg 48w, https:\/\/bm-bittl.de\/wp-content\/uploads\/2021\/05\/Bittl-Web-001-300x300.jpg 300w\" sizes=\"auto, (max-width: 150px) 100vw, 150px\" \/><\/a>\n\t\t\t\t<\/div><\/div><\/div>\n<\/div>\n<p><span style=\"color: #ff6600;\"><strong>Technische Daten<\/strong><\/span><\/p>\n<p>&nbsp;<\/p>\n<p><strong><u>R\u00fcttelplatte\u00a0 Wacker DPU 4545 Diesel<\/u><\/strong><\/p>\n<p>&nbsp;<\/p>\n<p>Vorw\u00e4rts, R\u00fcckw\u00e4rtslauf<\/p>\n<p>Betriebsgewicht kg \u00a0\u00a0\u00a0\u00a0\u00a0\u00a0\u00a0\u00a0\u00a0\u00a0\u00a0\u00a0\u00a0\u00a0 \u00a0 \u00a0 \u00a0 \u00a0 \u00a0 424<\/p>\n<p>Zentrifugalkraft kN\u00a0\u00a0\u00a0\u00a0\u00a0\u00a0\u00a0\u00a0\u00a0\u00a0\u00a0\u00a0\u00a0\u00a0\u00a0 \u00a0\u00a0\u00a0\u00a0\u00a0\u00a0\u00a0\u00a0\u00a0 45<\/p>\n<p>Grundplattengr\u00f6\u00dfe (B x L) mm\u00a0\u00a0\u00a0\u00a0\u00a0\u00a0\u00a0\u00a0 440 x 900<\/p>\n<p>Arbeitsbreite mit Anbauplatte mm \u00a0\u00a0\u00a0 600<\/p>\n<p>Frequenz Hz\u00a0\u00a0\u00a0\u00a0\u00a0\u00a0\u00a0\u00a0\u00a0\u00a0\u00a0\u00a0\u00a0\u00a0\u00a0\u00a0\u00a0\u00a0\u00a0\u00a0\u00a0\u00a0\u00a0\u00a0\u00a0\u00a0\u00a0\u00a0\u00a0\u00a0\u00a0\u00a0\u00a0\u00a0 69<\/p>\n<p>Hand-Arm-Vibrationen <em>m\/s\u00b2\u00a0\u00a0\u00a0\u00a0\u00a0\u00a0\u00a0\u00a0\u00a0\u00a0\u00a0\u00a0 &lt;2.5<\/em><\/p>\n<p>Vorlauf max. (abh\u00e4ngig von Boden u. Umgebungseinfl\u00fcssen)\u00a0\u00a0\u00a0\u00a0\u00a0\u00a0\u00a0 910<\/p>\n<p>Mototrart Diesel<\/p>\n<p>Motorleistung. max \u00a0\u00a0\u00a0\u00a0\u00a0\u00a0\u00a0\u00a0\u00a0\u00a0\u00a0\u00a0\u00a0\u00a0\u00a0\u00a0\u00a0\u00a0\u00a0\u00a0\u00a0\u00a0\u00a0 7kW<\/p>\n<p>&nbsp;<\/p>\n<div class=\"wc-gallery\"><div id='gallery-3' data-gutter-width='5' data-columns='3' class='gallery wc-gallery-captions-onhover gallery-link-file gallery-masonry galleryid-48 gallery-columns-3 gallery-size-thumbnail wc-gallery-bottomspace-default wc-gallery-clear'><div class='gallery-item gallery-item-position-1 gallery-item-attachment-115'>\n\t\t\t\t<div class='gallery-icon landscape'>\n\t\t\t\t\t<a href='https:\/\/bm-bittl.de\/wp-content\/uploads\/2019\/04\/BM-Bittl018-1024x768.jpg' title='' target='_self'><img loading=\"lazy\" decoding=\"async\" width=\"150\" height=\"150\" src=\"https:\/\/bm-bittl.de\/wp-content\/uploads\/2019\/04\/BM-Bittl018-150x150.jpg\" class=\"attachment-thumbnail size-thumbnail\" alt=\"\" srcset=\"https:\/\/bm-bittl.de\/wp-content\/uploads\/2019\/04\/BM-Bittl018-150x150.jpg 150w, https:\/\/bm-bittl.de\/wp-content\/uploads\/2019\/04\/BM-Bittl018-48x48.jpg 48w, https:\/\/bm-bittl.de\/wp-content\/uploads\/2019\/04\/BM-Bittl018-300x300.jpg 300w\" sizes=\"auto, (max-width: 150px) 100vw, 150px\" \/><\/a>\n\t\t\t\t<\/div><\/div><div class='gallery-item gallery-item-position-2 gallery-item-attachment-114'>\n\t\t\t\t<div class='gallery-icon landscape'>\n\t\t\t\t\t<a href='https:\/\/bm-bittl.de\/wp-content\/uploads\/2019\/04\/BM-Bittl017-1024x768.jpg' title='' target='_self'><img loading=\"lazy\" decoding=\"async\" width=\"150\" height=\"150\" src=\"https:\/\/bm-bittl.de\/wp-content\/uploads\/2019\/04\/BM-Bittl017-150x150.jpg\" class=\"attachment-thumbnail size-thumbnail\" alt=\"\" srcset=\"https:\/\/bm-bittl.de\/wp-content\/uploads\/2019\/04\/BM-Bittl017-150x150.jpg 150w, https:\/\/bm-bittl.de\/wp-content\/uploads\/2019\/04\/BM-Bittl017-48x48.jpg 48w, https:\/\/bm-bittl.de\/wp-content\/uploads\/2019\/04\/BM-Bittl017-300x300.jpg 300w\" sizes=\"auto, (max-width: 150px) 100vw, 150px\" \/><\/a>\n\t\t\t\t<\/div><\/div><div class='gallery-item gallery-item-position-3 gallery-item-attachment-113'>\n\t\t\t\t<div class='gallery-icon landscape'>\n\t\t\t\t\t<a href='https:\/\/bm-bittl.de\/wp-content\/uploads\/2019\/04\/BM-Bittl016-1024x768.jpg' title='' target='_self'><img loading=\"lazy\" decoding=\"async\" width=\"150\" height=\"150\" src=\"https:\/\/bm-bittl.de\/wp-content\/uploads\/2019\/04\/BM-Bittl016-150x150.jpg\" class=\"attachment-thumbnail size-thumbnail\" alt=\"\" srcset=\"https:\/\/bm-bittl.de\/wp-content\/uploads\/2019\/04\/BM-Bittl016-150x150.jpg 150w, https:\/\/bm-bittl.de\/wp-content\/uploads\/2019\/04\/BM-Bittl016-48x48.jpg 48w, https:\/\/bm-bittl.de\/wp-content\/uploads\/2019\/04\/BM-Bittl016-300x300.jpg 300w\" sizes=\"auto, (max-width: 150px) 100vw, 150px\" \/><\/a>\n\t\t\t\t<\/div><\/div><\/div>\n<\/div>\n<p><strong><span style=\"color: #ff6600;\">Technische Daten<\/span> <\/strong><\/p>\n<p>&nbsp;<\/p>\n<p><strong><u>R\u00fcttelplatte\u00a0 \u00a0Baumax <\/u><\/strong><\/p>\n<p>&nbsp;<\/p>\n<p>Antrieb: \u00a0\u00a0\u00a0\u00a0\u00a0\u00a0\u00a0\u00a0\u00a0\u00a0\u00a0\u00a0\u00a0\u00a0\u00a0\u00a0\u00a0\u00a0\u00a0\u00a0\u00a0\u00a0\u00a0\u00a0\u00a0\u00a0\u00a0\u00a0\u00a0\u00a0\u00a0 Benzin<\/p>\n<p>Einsatzgewicht:\u00a0\u00a0\u00a0\u00a0\u00a0\u00a0\u00a0\u00a0\u00a0\u00a0\u00a0\u00a0\u00a0\u00a0\u00a0\u00a0\u00a0\u00a0\u00a0\u00a0\u00a0 135 kg<\/p>\n<p>Arbeitsbreite:\u00a0\u00a0\u00a0\u00a0\u00a0\u00a0\u00a0\u00a0\u00a0\u00a0\u00a0\u00a0\u00a0\u00a0\u00a0\u00a0\u00a0\u00a0\u00a0\u00a0\u00a0\u00a0\u00a0\u00a0 50 cm<\/p>\n<p>Motorleistung:\u00a0\u00a0\u00a0\u00a0\u00a0\u00a0\u00a0\u00a0\u00a0\u00a0\u00a0\u00a0\u00a0\u00a0\u00a0\u00a0\u00a0\u00a0\u00a0\u00a0\u00a0\u00a0\u00a0 4.8 kW \/ 6.5 PS<\/p>\n<p>Vorw\u00e4rts u. R\u00fcckw\u00e4rtsgang<\/p>\n<p>27 kN, (ca. 2750kg )<\/p>\n<p>Tiefenwirkung: 35cm (je nach Bodenbeschaffenheit)<\/p>\n<p>Plattengr\u00f6\u00dfe:\u00a0 \u00a0 \u00a0 \u00a0\u00a0\u00a0\u00a0\u00a0\u00a0\u00a0\u00a0\u00a0\u00a0\u00a0\u00a0\u00a0\u00a0\u00a0\u00a0\u00a0\u00a0 (L x B 62cm x 40cm)<\/p>\n<p>Eine Gummimatte ist auch vorhanden f\u00fcr das Pflaster einr\u00fctteln.<\/p>\n<div class=\"wc-gallery\"><div id='gallery-4' data-gutter-width='5' data-columns='3' class='gallery wc-gallery-captions-onhover gallery-link-file gallery-masonry galleryid-48 gallery-columns-3 gallery-size-thumbnail wc-gallery-bottomspace-default wc-gallery-clear'><div class='gallery-item gallery-item-position-1 gallery-item-attachment-342'>\n\t\t\t\t<div class='gallery-icon landscape'>\n\t\t\t\t\t<a href='https:\/\/bm-bittl.de\/wp-content\/uploads\/2021\/03\/weber2-1024x768.jpg' title='weber2' target='_self'><img loading=\"lazy\" decoding=\"async\" width=\"150\" height=\"150\" src=\"https:\/\/bm-bittl.de\/wp-content\/uploads\/2021\/03\/weber2-150x150.jpg\" class=\"attachment-thumbnail size-thumbnail\" alt=\"\" srcset=\"https:\/\/bm-bittl.de\/wp-content\/uploads\/2021\/03\/weber2-150x150.jpg 150w, https:\/\/bm-bittl.de\/wp-content\/uploads\/2021\/03\/weber2-48x48.jpg 48w, https:\/\/bm-bittl.de\/wp-content\/uploads\/2021\/03\/weber2-300x300.jpg 300w\" sizes=\"auto, (max-width: 150px) 100vw, 150px\" \/><\/a>\n\t\t\t\t<\/div><\/div><div class='gallery-item gallery-item-position-2 gallery-item-attachment-341'>\n\t\t\t\t<div class='gallery-icon landscape'>\n\t\t\t\t\t<a href='https:\/\/bm-bittl.de\/wp-content\/uploads\/2021\/03\/weber1-1024x768.jpg' title='weber1' target='_self'><img loading=\"lazy\" decoding=\"async\" width=\"150\" height=\"150\" src=\"https:\/\/bm-bittl.de\/wp-content\/uploads\/2021\/03\/weber1-150x150.jpg\" class=\"attachment-thumbnail size-thumbnail\" alt=\"\" srcset=\"https:\/\/bm-bittl.de\/wp-content\/uploads\/2021\/03\/weber1-150x150.jpg 150w, https:\/\/bm-bittl.de\/wp-content\/uploads\/2021\/03\/weber1-48x48.jpg 48w, https:\/\/bm-bittl.de\/wp-content\/uploads\/2021\/03\/weber1-300x300.jpg 300w\" sizes=\"auto, (max-width: 150px) 100vw, 150px\" \/><\/a>\n\t\t\t\t<\/div><\/div><\/div>\n<\/div>\n<p><span style=\"color: #ff6600;\"><strong>Technische Daten <\/strong><\/span><\/p>\n<p>&nbsp;<\/p>\n<p><strong><u>R\u00fcttelplatte\u00a0\u00a0 Weber CR2 <\/u><\/strong><\/p>\n<p>&nbsp;<\/p>\n<p>Antrieb: \u00a0\u00a0\u00a0\u00a0\u00a0\u00a0\u00a0\u00a0\u00a0\u00a0\u00a0\u00a0\u00a0\u00a0\u00a0\u00a0\u00a0\u00a0\u00a0\u00a0\u00a0\u00a0\u00a0\u00a0\u00a0\u00a0\u00a0\u00a0\u00a0\u00a0\u00a0 Diesel<\/p>\n<p>Einsatzgewicht:\u00a0\u00a0\u00a0\u00a0\u00a0\u00a0\u00a0\u00a0\u00a0\u00a0\u00a0\u00a0\u00a0\u00a0\u00a0\u00a0\u00a0\u00a0\u00a0\u00a0\u00a0 156 kg<\/p>\n<p>Arbeitsbreite:\u00a0\u00a0\u00a0\u00a0\u00a0\u00a0\u00a0\u00a0\u00a0\u00a0\u00a0\u00a0\u00a0\u00a0\u00a0\u00a0\u00a0\u00a0\u00a0\u00a0\u00a0\u00a0\u00a0\u00a0 45 cm<\/p>\n<p>Motorleistung:\u00a0\u00a0\u00a0\u00a0\u00a0\u00a0\u00a0\u00a0\u00a0\u00a0\u00a0\u00a0\u00a0\u00a0\u00a0\u00a0\u00a0\u00a0\u00a0\u00a0\u00a0\u00a0\u00a0 3,5 kW \/ 4,8 PS<\/p>\n<p>Vorw\u00e4rts u. R\u00fcckw\u00e4rtsgang<\/p>\n<p>Zentrifugalkraft\u00a0\u00a0\u00a0\u00a0\u00a0\u00a0\u00a0\u00a0\u00a0\u00a0\u00a0\u00a0\u00a0\u00a0\u00a0\u00a0\u00a0\u00a0\u00a0\u00a0\u00a0\u00a0 25 kN<\/p>\n<p>Frequenz\u00a0\u00a0\u00a0\u00a0\u00a0\u00a0\u00a0\u00a0\u00a0\u00a0\u00a0\u00a0\u00a0\u00a0\u00a0\u00a0\u00a0\u00a0\u00a0\u00a0\u00a0\u00a0\u00a0\u00a0\u00a0\u00a0\u00a0\u00a0\u00a0\u00a0 100 Hz<\/p>\n<p>Arbeitsgeschwindigkeit\u00a0\u00a0\u00a0\u00a0\u00a0\u00a0\u00a0\u00a0\u00a0\u00a0\u00a0 0-21 m\/min<\/p>\n<p>Eine Gummimatte ist auch vorhanden f\u00fcr das Pflaster einr\u00fctteln.<\/p>\n<p>&nbsp;<\/p>\n<div class=\"wc-gallery\"><div id='gallery-5' data-gutter-width='5' data-columns='3' class='gallery wc-gallery-captions-onhover gallery-link-post gallery-masonry galleryid-48 gallery-columns-3 gallery-size-thumbnail wc-gallery-bottomspace-default wc-gallery-clear'><div class='gallery-item gallery-item-position-1 gallery-item-attachment-418'>\n\t\t\t\t<div class='gallery-icon landscape'>\n\t\t\t\t\t<a href='https:\/\/bm-bittl.de\/weber-cr3-2\/' title='Weber cr3 (2)' target='_self'><img loading=\"lazy\" decoding=\"async\" width=\"150\" height=\"150\" src=\"https:\/\/bm-bittl.de\/wp-content\/uploads\/2022\/10\/Weber-cr3-2-150x150.jpg\" class=\"attachment-thumbnail size-thumbnail\" alt=\"\" srcset=\"https:\/\/bm-bittl.de\/wp-content\/uploads\/2022\/10\/Weber-cr3-2-150x150.jpg 150w, https:\/\/bm-bittl.de\/wp-content\/uploads\/2022\/10\/Weber-cr3-2-48x48.jpg 48w, https:\/\/bm-bittl.de\/wp-content\/uploads\/2022\/10\/Weber-cr3-2-300x300.jpg 300w\" sizes=\"auto, (max-width: 150px) 100vw, 150px\" \/><\/a>\n\t\t\t\t<\/div><\/div><div class='gallery-item gallery-item-position-2 gallery-item-attachment-417'>\n\t\t\t\t<div class='gallery-icon landscape'>\n\t\t\t\t\t<a href='https:\/\/bm-bittl.de\/weber-cr3-1\/' title='Weber cr3 (1)' target='_self'><img loading=\"lazy\" decoding=\"async\" width=\"150\" height=\"150\" src=\"https:\/\/bm-bittl.de\/wp-content\/uploads\/2022\/10\/Weber-cr3-1-150x150.jpg\" class=\"attachment-thumbnail size-thumbnail\" alt=\"\" srcset=\"https:\/\/bm-bittl.de\/wp-content\/uploads\/2022\/10\/Weber-cr3-1-150x150.jpg 150w, https:\/\/bm-bittl.de\/wp-content\/uploads\/2022\/10\/Weber-cr3-1-48x48.jpg 48w, https:\/\/bm-bittl.de\/wp-content\/uploads\/2022\/10\/Weber-cr3-1-300x300.jpg 300w\" sizes=\"auto, (max-width: 150px) 100vw, 150px\" \/><\/a>\n\t\t\t\t<\/div><\/div><div class='gallery-item gallery-item-position-3 gallery-item-attachment-416'>\n\t\t\t\t<div class='gallery-icon landscape'>\n\t\t\t\t\t<a href='https:\/\/bm-bittl.de\/weber-cr3-3\/' title='Weber cr3 (3)' target='_self'><img loading=\"lazy\" decoding=\"async\" width=\"150\" height=\"150\" src=\"https:\/\/bm-bittl.de\/wp-content\/uploads\/2022\/10\/Weber-cr3-3-150x150.jpg\" class=\"attachment-thumbnail size-thumbnail\" alt=\"\" srcset=\"https:\/\/bm-bittl.de\/wp-content\/uploads\/2022\/10\/Weber-cr3-3-150x150.jpg 150w, https:\/\/bm-bittl.de\/wp-content\/uploads\/2022\/10\/Weber-cr3-3-48x48.jpg 48w, https:\/\/bm-bittl.de\/wp-content\/uploads\/2022\/10\/Weber-cr3-3-300x300.jpg 300w\" sizes=\"auto, (max-width: 150px) 100vw, 150px\" \/><\/a>\n\t\t\t\t<\/div><\/div><\/div>\n<\/div>\n<p><strong><span style=\"color: #ff6600;\">Technische Daten<\/span> <\/strong><\/p>\n<p>&nbsp;<\/p>\n<p><strong><u>R\u00fcttelplatte\u00a0\u00a0 Weber CR3 <\/u><\/strong><\/p>\n<p>&nbsp;<\/p>\n<p>Antrieb: \u00a0\u00a0\u00a0\u00a0\u00a0\u00a0\u00a0\u00a0\u00a0\u00a0\u00a0\u00a0\u00a0\u00a0\u00a0\u00a0\u00a0\u00a0\u00a0\u00a0\u00a0\u00a0\u00a0\u00a0\u00a0\u00a0\u00a0\u00a0\u00a0\u00a0\u00a0 Diesel<\/p>\n<p>Einsatzgewicht:\u00a0\u00a0\u00a0\u00a0\u00a0\u00a0\u00a0\u00a0\u00a0\u00a0\u00a0\u00a0\u00a0\u00a0\u00a0\u00a0\u00a0\u00a0\u00a0\u00a0\u00a0 206 kg<\/p>\n<p>Arbeitsbreite:\u00a0\u00a0\u00a0\u00a0\u00a0\u00a0\u00a0\u00a0\u00a0\u00a0\u00a0\u00a0\u00a0\u00a0\u00a0\u00a0\u00a0\u00a0\u00a0\u00a0\u00a0\u00a0\u00a0\u00a0 50 cm<\/p>\n<p>Motorleistung:\u00a0\u00a0\u00a0\u00a0\u00a0\u00a0\u00a0\u00a0\u00a0\u00a0\u00a0\u00a0\u00a0\u00a0\u00a0\u00a0\u00a0\u00a0\u00a0\u00a0\u00a0\u00a0\u00a0 3,4 kW \/ 4,6 PS<\/p>\n<p>Vorw\u00e4rts u. R\u00fcckw\u00e4rtsgang<\/p>\n<p>Zentrifugalkraft\u00a0\u00a0\u00a0\u00a0\u00a0\u00a0\u00a0\u00a0\u00a0\u00a0\u00a0\u00a0\u00a0\u00a0\u00a0\u00a0\u00a0\u00a0\u00a0\u00a0\u00a0\u00a0 35 kN<\/p>\n<p>Frequenz\u00a0\u00a0\u00a0\u00a0\u00a0\u00a0\u00a0\u00a0\u00a0\u00a0\u00a0\u00a0\u00a0\u00a0\u00a0\u00a0\u00a0\u00a0\u00a0\u00a0\u00a0\u00a0\u00a0\u00a0\u00a0\u00a0\u00a0\u00a0\u00a0\u00a0 87 Hz<\/p>\n<p>&nbsp;<\/p>\n","protected":false},"excerpt":{"rendered":"<p>Technische Daten &nbsp; R\u00fcttelplatte \u00a0\u00a0\u00a0AVP 4920 von Ammann &nbsp; Antrieb:\u00a0\u00a0\u00a0\u00a0\u00a0\u00a0\u00a0\u00a0\u00a0\u00a0\u00a0\u00a0\u00a0\u00a0\u00a0\u00a0\u00a0\u00a0\u00a0\u00a0\u00a0\u00a0\u00a0\u00a0\u00a0\u00a0\u00a0\u00a0\u00a0\u00a0\u00a0\u00a0 Diesel Einsatzgewicht:\u00a0\u00a0\u00a0\u00a0\u00a0\u00a0\u00a0\u00a0\u00a0\u00a0\u00a0\u00a0\u00a0\u00a0\u00a0\u00a0\u00a0\u00a0\u00a0\u00a0\u00a0 365 kg Arbeitsbreite:\u00a0\u00a0\u00a0\u00a0\u00a0\u00a0\u00a0\u00a0\u00a0\u00a0\u00a0\u00a0\u00a0\u00a0\u00a0\u00a0\u00a0\u00a0\u00a0\u00a0\u00a0\u00a0\u00a0\u00a0 50 \/ 60 cm Motorleistung:\u00a0\u00a0\u00a0\u00a0\u00a0\u00a0\u00a0\u00a0\u00a0\u00a0\u00a0\u00a0\u00a0\u00a0\u00a0\u00a0\u00a0\u00a0\u00a0\u00a0\u00a0\u00a0\u00a0 6.6 kW \/ 9 PS Vorw\u00e4rts u. R\u00fcckw\u00e4rtsgang 49 kN, Frequenz: 65 Hz Tiefenwirkung: ca. 600 mm (je nach Bodenbeschaffenheit) Arbeitsgeschwindigkeit: \u00a0\u00a0\u00a0 \u00a0\u00a0\u00a0 \u00a0 max. 30 m\/min, Fl\u00e4chenleistung: \u00a0\u00a0\u00a0\u00a0\u00a0\u00a0\u00a0\u00a0\u00a0\u00a0\u00a0\u00a0\u00a0\u00a0\u00a0\u00a0\u00a0\u00a0\u00a0 max. ca. 810 m\u00b2\/h &nbsp; Technische [&hellip;]<\/p>\n","protected":false},"author":2,"featured_media":0,"parent":0,"menu_order":0,"comment_status":"closed","ping_status":"closed","template":"","meta":{"footnotes":""},"class_list":["post-48","page","type-page","status-publish","hentry"],"_links":{"self":[{"href":"https:\/\/bm-bittl.de\/index.php\/wp-json\/wp\/v2\/pages\/48","targetHints":{"allow":["GET"]}}],"collection":[{"href":"https:\/\/bm-bittl.de\/index.php\/wp-json\/wp\/v2\/pages"}],"about":[{"href":"https:\/\/bm-bittl.de\/index.php\/wp-json\/wp\/v2\/types\/page"}],"author":[{"embeddable":true,"href":"https:\/\/bm-bittl.de\/index.php\/wp-json\/wp\/v2\/users\/2"}],"replies":[{"embeddable":true,"href":"https:\/\/bm-bittl.de\/index.php\/wp-json\/wp\/v2\/comments?post=48"}],"version-history":[{"count":11,"href":"https:\/\/bm-bittl.de\/index.php\/wp-json\/wp\/v2\/pages\/48\/revisions"}],"predecessor-version":[{"id":116,"href":"https:\/\/bm-bittl.de\/index.php\/wp-json\/wp\/v2\/pages\/48\/revisions\/116"}],"wp:attachment":[{"href":"https:\/\/bm-bittl.de\/index.php\/wp-json\/wp\/v2\/media?parent=48"}],"curies":[{"name":"wp","href":"https:\/\/api.w.org\/{rel}","templated":true}]}}